{"id":50,"date":"2016-07-19T14:26:23","date_gmt":"2016-07-19T13:26:23","guid":{"rendered":"http:\/\/novy.dateco.cz\/?page_id=50"},"modified":"2025-03-27T14:06:12","modified_gmt":"2025-03-27T13:06:12","slug":"iso-9001","status":"publish","type":"page","link":"https:\/\/www.dateco.cz\/?page_id=50","title":{"rendered":"ISO 9001"},"content":{"rendered":"<p><!-- #BeginEditable \"doctitle\" --><\/p>\n<div><!-- #BeginEditable \"doctitle\" --><script src=\"http:\/\/www.google-analytics.com\/ga.js\" async=\"\" type=\"mce-text\/javascript\"><\/script><script type=\"mce-text\/javascript\">\/\/ <![CDATA[\nfunction FP_swapImg() {\/\/v1.0\n var doc=document,args=arguments,elm,n; doc.$imgSwaps=new Array(); for(n=2; n<args.length;\n n+=2) { elm=FP_getObjectByID(args[n]); if(elm) { doc.$imgSwaps[doc.$imgSwaps.length]=elm;<br \/>\n elm.$src=elm.src; elm.src=args[n+1]; } }<br \/>\n}<\/p>\n\n\n\n\n<p>function FP_preloadImgs() {\/\/v1.0<br \/>\n var d=document,a=arguments; if(!d.FP_imgs) d.FP_imgs=new Array();<br \/>\n for(var i=0; i<a.length; i++) { d.FP_imgs[i]=new Image; d.FP_imgs[i].src=a[i]; }\n}\n\nfunction FP_getObjectByID(id,o) {\/\/v1.0\n var c,el,els,f,m,n; if(!o)o=document; if(o.getElementById) el=o.getElementById(id);\n else if(o.layers) c=o.layers; else if(o.all) el=o.all[id]; if(el) return el;\n if(o.id==id || o.name==id) return o; if(o.childNodes) c=o.childNodes; if(c)\n for(n=0; n<c.length; n++) { el=FP_getObjectByID(id,c[n]); if(el) return el; }\n f=o.forms; if(f) for(n=0; n<f.length; n++) { els=f[n].elements;\n for(m=0; m<els.length; m++){ el=FP_getObjectByID(id,els[n]); if(el) return el; } }\n return null;\n}\n\/\/ ]]><\/script><script type=\"mce-text\/javascript\">\/\/ <![CDATA[\nvar _gaq = _gaq || [];<br \/>\n  _gaq.push(['_setAccount', 'UA-21964802-1']);<br \/>\n  _gaq.push(['_trackPageview']);<\/p>\n\n\n\n\n<p>  (function() {<br \/>\n    var ga = document.createElement('script'); ga.type = 'text\/javascript'; ga.async = true;<br \/>\n    ga.src = ('https:' == document.location.protocol ? 'https:\/\/ssl' : 'http:\/\/www') + '.google-analytics.com\/ga.js';<br \/>\n    var s = document.getElementsByTagName('script')[0]; s.parentNode.insertBefore(ga, s);<br \/>\n  })();<br \/>\n\/\/ ]]><\/script><!-- #EndEditable --><\/p>\n<table style=\"height: 316px;\" border=\"0\" width=\"394\" cellspacing=\"0\" cellpadding=\"0\" align=\"center\">\n<tbody>\n<tr>\n<td class=\"style31\" style=\"text-align: justify;\" valign=\"top\">\n<p style=\"text-align: center;\">Spole\u010dnost DATECO s.r.o. je dr\u017eitelem certifik\u00e1tu jakosti ISO 9001 a ISO 14001<\/p>\n<p>&nbsp;<\/p>\n<p style=\"text-align: center;\"><a href=\"https:\/\/www.dateco.cz\/wp-content\/uploads\/2025\/03\/ISO_9001-scaled.jpg\" target=\"_blank\" rel=\"noopener\"><img loading=\"lazy\" decoding=\"async\" class=\"alignnone size-medium wp-image-154\" src=\"https:\/\/www.dateco.cz\/wp-content\/uploads\/2025\/03\/znacka-cz_914-298x300.jpg\" alt=\"\" width=\"298\" height=\"300\" srcset=\"https:\/\/www.dateco.cz\/wp-content\/uploads\/2025\/03\/znacka-cz_914-298x300.jpg 298w, https:\/\/www.dateco.cz\/wp-content\/uploads\/2025\/03\/znacka-cz_914-150x150.jpg 150w, https:\/\/www.dateco.cz\/wp-content\/uploads\/2025\/03\/znacka-cz_914.jpg 388w\" sizes=\"auto, (max-width: 298px) 100vw, 298px\" \/><\/a><\/p>\n<\/td>\n<\/tr>\n<\/tbody>\n<\/table>\n<\/div>\n","protected":false},"excerpt":{"rendered":"<p>Spole\u010dnost DATECO s.r.o. je dr\u017eitelem certifik\u00e1tu jakosti ISO 9001 a ISO 14001 &nbsp;<\/p>\n","protected":false},"author":1,"featured_media":0,"parent":0,"menu_order":0,"comment_status":"closed","ping_status":"open","template":"","meta":{"footnotes":""},"class_list":["post-50","page","type-page","status-publish","hentry"],"_links":{"self":[{"href":"https:\/\/www.dateco.cz\/index.php?rest_route=\/wp\/v2\/pages\/50","targetHints":{"allow":["GET"]}}],"collection":[{"href":"https:\/\/www.dateco.cz\/index.php?rest_route=\/wp\/v2\/pages"}],"about":[{"href":"https:\/\/www.dateco.cz\/index.php?rest_route=\/wp\/v2\/types\/page"}],"author":[{"embeddable":true,"href":"https:\/\/www.dateco.cz\/index.php?rest_route=\/wp\/v2\/users\/1"}],"replies":[{"embeddable":true,"href":"https:\/\/www.dateco.cz\/index.php?rest_route=%2Fwp%2Fv2%2Fcomments&post=50"}],"version-history":[{"count":3,"href":"https:\/\/www.dateco.cz\/index.php?rest_route=\/wp\/v2\/pages\/50\/revisions"}],"predecessor-version":[{"id":157,"href":"https:\/\/www.dateco.cz\/index.php?rest_route=\/wp\/v2\/pages\/50\/revisions\/157"}],"wp:attachment":[{"href":"https:\/\/www.dateco.cz\/index.php?rest_route=%2Fwp%2Fv2%2Fmedia&parent=50"}],"curies":[{"name":"wp","href":"https:\/\/api.w.org\/{rel}","templated":true}]}}