{"id":31,"date":"2015-09-17T15:11:30","date_gmt":"2015-09-17T14:11:30","guid":{"rendered":"http:\/\/novy.dateco.cz\/?page_id=31"},"modified":"2015-09-17T15:11:30","modified_gmt":"2015-09-17T14:11:30","slug":"klienti","status":"publish","type":"page","link":"https:\/\/www.dateco.cz\/?page_id=31","title":{"rendered":"Klienti"},"content":{"rendered":"<p><strong>Z\u00e1kazn\u00edci<\/strong><\/p>\n<p>&#8211;\u00a0\u00a0\u00a0\u00a0\u00a0\u00a0\u00a0\u00a0\u00a0 v\u011bt\u0161\u00ed firmy a instituce st\u00e1tn\u00ed spr\u00e1vy<br \/>\n&#8211;\u00a0\u00a0\u00a0\u00a0\u00a0\u00a0\u00a0\u00a0\u00a0 st\u0159edn\u00ed a men\u0161\u00ed firmy<br \/>\n&#8211;\u00a0\u00a0\u00a0\u00a0\u00a0\u00a0\u00a0\u00a0\u00a0 dom\u00e1c\u00ed u\u017eivatel\u00e9<\/p>\n<p>DATECO se orientuje na koncov\u00e9ho u\u017eivatele z \u0159ad v\u011bt\u0161\u00edch a st\u0159edn\u00edch firem a instituc\u00ed \u2013 st\u0159edisko Syst\u00e9my a \u0159e\u0161en\u00ed. D\u00e1le pak na men\u0161\u00ed firmy nebo organizace a dom\u00e1c\u00ed u\u017eivatele &#8211; prodejna v Praze, dal\u0161\u00ed prodejny se buduj\u00ed. D\u00edky bezprost\u0159edn\u00edmu kontaktu se z\u00e1kazn\u00edky zn\u00e1me jejich pot\u0159eby a pr\u00e1v\u011b pro\u00a0n\u011b jsou p\u0159ipravena komplexn\u00ed \u0159e\u0161en\u00ed jejich probl\u00e9m\u016f.<\/p>\n<p>Kvalita na\u0161ich slu\u017eeb umo\u017enila z\u00edskat do na\u0161eho z\u00e1kaznick\u00e9ho portfolia i velk\u00e9 firmy jako nap\u0159\u00edklad Hasi\u010dsk\u00e1 vz\u00e1jemn\u00e1 poji\u0161\u0165ovna, Pra\u017esk\u00fd hrad, Z-Group, Exposale -CZ s.r.o., Ferromet Stahl.<\/p>\n","protected":false},"excerpt":{"rendered":"<p>Z\u00e1kazn\u00edci &#8211;\u00a0\u00a0\u00a0\u00a0\u00a0\u00a0\u00a0\u00a0\u00a0 v\u011bt\u0161\u00ed firmy a instituce st\u00e1tn\u00ed spr\u00e1vy &#8211;\u00a0\u00a0\u00a0\u00a0\u00a0\u00a0\u00a0\u00a0\u00a0 st\u0159edn\u00ed a men\u0161\u00ed firmy &#8211;\u00a0\u00a0\u00a0\u00a0\u00a0\u00a0\u00a0\u00a0\u00a0 dom\u00e1c\u00ed u\u017eivatel\u00e9 DATECO se orientuje na koncov\u00e9ho u\u017eivatele z \u0159ad v\u011bt\u0161\u00edch a st\u0159edn\u00edch firem a instituc\u00ed &hellip;<\/p>\n","protected":false},"author":1,"featured_media":0,"parent":0,"menu_order":0,"comment_status":"closed","ping_status":"open","template":"","meta":{"footnotes":""},"class_list":["post-31","page","type-page","status-publish","hentry"],"_links":{"self":[{"href":"https:\/\/www.dateco.cz\/index.php?rest_route=\/wp\/v2\/pages\/31","targetHints":{"allow":["GET"]}}],"collection":[{"href":"https:\/\/www.dateco.cz\/index.php?rest_route=\/wp\/v2\/pages"}],"about":[{"href":"https:\/\/www.dateco.cz\/index.php?rest_route=\/wp\/v2\/types\/page"}],"author":[{"embeddable":true,"href":"https:\/\/www.dateco.cz\/index.php?rest_route=\/wp\/v2\/users\/1"}],"replies":[{"embeddable":true,"href":"https:\/\/www.dateco.cz\/index.php?rest_route=%2Fwp%2Fv2%2Fcomments&post=31"}],"version-history":[{"count":0,"href":"https:\/\/www.dateco.cz\/index.php?rest_route=\/wp\/v2\/pages\/31\/revisions"}],"wp:attachment":[{"href":"https:\/\/www.dateco.cz\/index.php?rest_route=%2Fwp%2Fv2%2Fmedia&parent=31"}],"curies":[{"name":"wp","href":"https:\/\/api.w.org\/{rel}","templated":true}]}}